{"id":101,"date":"2024-08-06T19:54:09","date_gmt":"2024-08-06T22:54:09","guid":{"rendered":"https:\/\/saosebastiao.tur.br\/web\/?page_id=101"},"modified":"2024-08-08T16:22:55","modified_gmt":"2024-08-08T19:22:55","slug":"praia-de-juquehy-em-sao-sebastiao","status":"publish","type":"page","link":"https:\/\/saosebastiao.tur.br\/web\/praia-de-juquehy-em-sao-sebastiao\/","title":{"rendered":"Praia de Juquehy em S\u00e3o Sebasti\u00e3o"},"content":{"rendered":"\n<p>A praia de Juquehy fica a 52km. do centro de S\u00e3o Sebasti\u00e3o &#8211; km 176 da Rio-Santos) com aproximadamente 3km. de extens\u00e3o.<br>Juquehy oferece belezas e atrativos naturais al\u00e9m da exuber\u00e2ncia da Mata Atl\u00e2ntica que a circunda com montanhas verdejantes, fazendo um convite a caminhadas e ao desfrute da paz e tranquilidade que este conjunto de maravilhas nos reserva.<br>A praia, com areias claras e compactas \u00e9 ideal para v\u00e1rios esportes, tais como: caminhadas, corridas, jogar frescobol, futebol, futev\u00f4lei e andar de bicicleta. O mar, de \u00e1guas calmas quase todo tempo, \u00e9 um convite para fam\u00edlias com crian\u00e7as. Ali\u00e1s, Juquehy \u00e9 uma praia para todos os gostos pois no canto esquerdo, ao lado do rio Juquehy as \u00e1guas claras e mansas parecem uma piscina enquanto que no canto direito as ondas costumam bater mais forte proporcionando um ambiente ideal para a pr\u00e1tica do surf.<br>Juquehy oferece uma grande estrutura gastron\u00f4mica e comercial na charmosa avenida paralela \u00e0 praia. Para quem curte a vida noturna, Juquehy \u00e9 refer\u00eancia na regi\u00e3o, oferecendo diversos bares e restaurantes muito animados, com m\u00fasica ao vivo e op\u00e7\u00f5es para a galera se divertir.<br>Al\u00e9m disso, se voc\u00ea quiser passar uns dias, ou mesmo tirar f\u00e9rias com a fam\u00edlia, em Juquehy voc\u00ea encontrar\u00e1 excelentes hot\u00e9is e pousadas charmos\u00edssimas.<br>O nome Juquehy foi dado pelo ind\u00edgenas e significa areias cantantes. Aqui se encontra um parcel onde anualmente \u00e9 realizada a importante prova de nata\u00e7\u00e3o &#8220;Volta do Parcel&#8221;. No extremo direito da praia h\u00e1 um mirante de onde se avista a praia de Barra do Una e Juquehy.<\/p>\n\n\n\n<div class=\"wp-block-columns is-layout-flex wp-container-core-columns-is-layout-9d6595d7 wp-block-columns-is-layout-flex\">\n<div class=\"wp-block-column is-layout-flow wp-block-column-is-layout-flow\">\n<figure class=\"wp-block-image size-full\"><img loading=\"lazy\" decoding=\"async\" width=\"600\" height=\"400\" src=\"https:\/\/saosebastiao.tur.br\/web\/wp-content\/uploads\/juquehy.jpg\" alt=\"\" class=\"wp-image-168\" srcset=\"https:\/\/saosebastiao.tur.br\/web\/wp-content\/uploads\/juquehy.jpg 600w, https:\/\/saosebastiao.tur.br\/web\/wp-content\/uploads\/juquehy-300x200.jpg 300w\" sizes=\"auto, (max-width: 600px) 100vw, 600px\" \/><\/figure>\n<\/div>\n\n\n\n<div class=\"wp-block-column is-layout-flow wp-block-column-is-layout-flow\">\n<figure class=\"wp-block-image size-full\"><img loading=\"lazy\" decoding=\"async\" width=\"600\" height=\"400\" src=\"https:\/\/saosebastiao.tur.br\/web\/wp-content\/uploads\/juquehy1.jpg\" alt=\"\" class=\"wp-image-169\" srcset=\"https:\/\/saosebastiao.tur.br\/web\/wp-content\/uploads\/juquehy1.jpg 600w, https:\/\/saosebastiao.tur.br\/web\/wp-content\/uploads\/juquehy1-300x200.jpg 300w\" sizes=\"auto, (max-width: 600px) 100vw, 600px\" \/><\/figure>\n<\/div>\n\n\n\n<div class=\"wp-block-column is-layout-flow wp-block-column-is-layout-flow\">\n<figure class=\"wp-block-image size-full\"><img loading=\"lazy\" decoding=\"async\" width=\"600\" height=\"400\" src=\"https:\/\/saosebastiao.tur.br\/web\/wp-content\/uploads\/juquehy2.jpg\" alt=\"\" class=\"wp-image-170\" srcset=\"https:\/\/saosebastiao.tur.br\/web\/wp-content\/uploads\/juquehy2.jpg 600w, https:\/\/saosebastiao.tur.br\/web\/wp-content\/uploads\/juquehy2-300x200.jpg 300w\" sizes=\"auto, (max-width: 600px) 100vw, 600px\" \/><\/figure>\n<\/div>\n\n\n\n<div class=\"wp-block-column is-layout-flow wp-block-column-is-layout-flow\">\n<figure class=\"wp-block-image size-full\"><img loading=\"lazy\" decoding=\"async\" width=\"600\" height=\"400\" src=\"https:\/\/saosebastiao.tur.br\/web\/wp-content\/uploads\/juquehy3.jpg\" alt=\"\" class=\"wp-image-171\" srcset=\"https:\/\/saosebastiao.tur.br\/web\/wp-content\/uploads\/juquehy3.jpg 600w, https:\/\/saosebastiao.tur.br\/web\/wp-content\/uploads\/juquehy3-300x200.jpg 300w\" sizes=\"auto, (max-width: 600px) 100vw, 600px\" \/><\/figure>\n<\/div>\n<\/div>\n","protected":false},"excerpt":{"rendered":"<p>A praia de Juquehy fica a 52km. do centro de S\u00e3o Sebasti\u00e3o &#8211; km 176 da Rio-Santos) com aproximadamente 3km. de extens\u00e3o.Juquehy oferece belezas e atrativos naturais al\u00e9m da exuber\u00e2ncia da Mata Atl\u00e2ntica que a circunda com montanhas verdejantes, fazendo um convite a caminhadas e ao desfrute da paz e tranquilidade que este conjunto de&#8230;<\/p>\n","protected":false},"author":1,"featured_media":0,"parent":0,"menu_order":0,"comment_status":"closed","ping_status":"closed","template":"","meta":{"_kadence_starter_templates_imported_post":false,"_kad_post_transparent":"","_kad_post_title":"","_kad_post_layout":"","_kad_post_sidebar_id":"","_kad_post_content_style":"","_kad_post_vertical_padding":"","_kad_post_feature":"","_kad_post_feature_position":"","_kad_post_header":false,"_kad_post_footer":false,"footnotes":""},"class_list":["post-101","page","type-page","status-publish","hentry"],"_links":{"self":[{"href":"https:\/\/saosebastiao.tur.br\/web\/wp-json\/wp\/v2\/pages\/101","targetHints":{"allow":["GET"]}}],"collection":[{"href":"https:\/\/saosebastiao.tur.br\/web\/wp-json\/wp\/v2\/pages"}],"about":[{"href":"https:\/\/saosebastiao.tur.br\/web\/wp-json\/wp\/v2\/types\/page"}],"author":[{"embeddable":true,"href":"https:\/\/saosebastiao.tur.br\/web\/wp-json\/wp\/v2\/users\/1"}],"replies":[{"embeddable":true,"href":"https:\/\/saosebastiao.tur.br\/web\/wp-json\/wp\/v2\/comments?post=101"}],"version-history":[{"count":3,"href":"https:\/\/saosebastiao.tur.br\/web\/wp-json\/wp\/v2\/pages\/101\/revisions"}],"predecessor-version":[{"id":172,"href":"https:\/\/saosebastiao.tur.br\/web\/wp-json\/wp\/v2\/pages\/101\/revisions\/172"}],"wp:attachment":[{"href":"https:\/\/saosebastiao.tur.br\/web\/wp-json\/wp\/v2\/media?parent=101"}],"curies":[{"name":"wp","href":"https:\/\/api.w.org\/{rel}","templated":true}]}}

Praia de Juquehy em São Sebastião

<p>A praia de Juquehy fica a 52km. do centro de São Sebastião &#8211; km 176 da Rio-Santos) com aproximadamente 3km. de extensão.<br>Juquehy oferece belezas e atrativos naturais além da exuberância da Mata Atlântica que a circunda com montanhas verdejantes, fazendo um convite a caminhadas e ao desfrute da paz e tranquilidade que este conjunto de maravilhas nos reserva.<br>A praia, com areias claras e compactas é ideal para vários esportes, tais como: caminhadas, corridas, jogar frescobol, futebol, futevôlei e andar de bicicleta. O mar, de águas calmas quase todo tempo, é um convite para famílias com crianças. Aliás, Juquehy é uma praia para todos os gostos pois no canto esquerdo, ao lado do rio Juquehy as águas claras e mansas parecem uma piscina enquanto que no canto direito as ondas costumam bater mais forte proporcionando um ambiente ideal para a prática do surf.<br>Juquehy oferece uma grande estrutura gastronômica e comercial na charmosa avenida paralela à praia. Para quem curte a vida noturna, Juquehy é referência na região, oferecendo diversos bares e restaurantes muito animados, com música ao vivo e opções para a galera se divertir.<br>Além disso, se você quiser passar uns dias, ou mesmo tirar férias com a família, em Juquehy você encontrará excelentes hotéis e pousadas charmosíssimas.<br>O nome Juquehy foi dado pelo indígenas e significa areias cantantes. Aqui se encontra um parcel onde anualmente é realizada a importante prova de natação &#8220;Volta do Parcel&#8221;. No extremo direito da praia há um mirante de onde se avista a praia de Barra do Una e Juquehy.</p>



<div class="wp-block-columns is-layout-flex wp-container-core-columns-is-layout-9d6595d7 wp-block-columns-is-layout-flex">
<div class="wp-block-column is-layout-flow wp-block-column-is-layout-flow">
<figure class="wp-block-image size-full"><img loading="lazy" decoding="async" width="600" height="400" src="https://saosebastiao.tur.br/web/wp-content/uploads/juquehy.jpg" alt="" class="wp-image-168" srcset="https://saosebastiao.tur.br/web/wp-content/uploads/juquehy.jpg 600w, https://saosebastiao.tur.br/web/wp-content/uploads/juquehy-300x200.jpg 300w" sizes="auto, (max-width: 600px) 100vw, 600px" /></figure>
</div>



<div class="wp-block-column is-layout-flow wp-block-column-is-layout-flow">
<figure class="wp-block-image size-full"><img loading="lazy" decoding="async" width="600" height="400" src="https://saosebastiao.tur.br/web/wp-content/uploads/juquehy1.jpg" alt="" class="wp-image-169" srcset="https://saosebastiao.tur.br/web/wp-content/uploads/juquehy1.jpg 600w, https://saosebastiao.tur.br/web/wp-content/uploads/juquehy1-300x200.jpg 300w" sizes="auto, (max-width: 600px) 100vw, 600px" /></figure>
</div>



<div class="wp-block-column is-layout-flow wp-block-column-is-layout-flow">
<figure class="wp-block-image size-full"><img loading="lazy" decoding="async" width="600" height="400" src="https://saosebastiao.tur.br/web/wp-content/uploads/juquehy2.jpg" alt="" class="wp-image-170" srcset="https://saosebastiao.tur.br/web/wp-content/uploads/juquehy2.jpg 600w, https://saosebastiao.tur.br/web/wp-content/uploads/juquehy2-300x200.jpg 300w" sizes="auto, (max-width: 600px) 100vw, 600px" /></figure>
</div>



<div class="wp-block-column is-layout-flow wp-block-column-is-layout-flow">
<figure class="wp-block-image size-full"><img loading="lazy" decoding="async" width="600" height="400" src="https://saosebastiao.tur.br/web/wp-content/uploads/juquehy3.jpg" alt="" class="wp-image-171" srcset="https://saosebastiao.tur.br/web/wp-content/uploads/juquehy3.jpg 600w, https://saosebastiao.tur.br/web/wp-content/uploads/juquehy3-300x200.jpg 300w" sizes="auto, (max-width: 600px) 100vw, 600px" /></figure>
</div>
</div>

<p>A praia de Juquehy fica a 52km. do centro de São Sebastião &#8211; km 176 da Rio-Santos) com aproximadamente 3km. de extensão.Juquehy oferece belezas e atrativos naturais além da exuberância da Mata Atlântica que a circunda com montanhas verdejantes, fazendo um convite a caminhadas e ao desfrute da paz e tranquilidade que este conjunto de&#8230;</p>
