{"id":21,"date":"2024-07-12T12:13:07","date_gmt":"2024-07-12T15:13:07","guid":{"rendered":"https:\/\/saosebastiao.tur.br\/web\/?page_id=21"},"modified":"2024-08-07T15:10:22","modified_gmt":"2024-08-07T18:10:22","slug":"praia-da-enseada-em-sao-sebastiao","status":"publish","type":"page","link":"https:\/\/saosebastiao.tur.br\/web\/praia-da-enseada-em-sao-sebastiao\/","title":{"rendered":"Praia da Enseada em S\u00e3o Sebasti\u00e3o"},"content":{"rendered":"\n<p>A Praia da Enseada em S\u00e3o Sebasti\u00e3o \u00e9 a primeira praia da regi\u00e3o norte, fazendo divisa com Caraguatatuba e est\u00e1 localizada a aproximadamente a 12 km do centro de S\u00e3o Sebasti\u00e3o. Esta n\u00e3o \u00e9 uma praia muito usada para banho.  O pessoal prefere fazer passeios com caiaques e canoas e na \u00e9poca dos ventos fortes, a praia fica lotada pelos praticantes de kyte surf. A praia tamb\u00e9m favorece a pesca de mariscos e a pesca de arrasto.<\/p>\n","protected":false},"excerpt":{"rendered":"<p>A Praia da Enseada em S\u00e3o Sebasti\u00e3o \u00e9 a primeira praia da regi\u00e3o norte, fazendo divisa com Caraguatatuba e est\u00e1 localizada a aproximadamente a 12 km do centro de S\u00e3o Sebasti\u00e3o. Esta n\u00e3o \u00e9 uma praia muito usada para banho. O pessoal prefere fazer passeios com caiaques e canoas e na \u00e9poca dos ventos fortes,&#8230;<\/p>\n","protected":false},"author":1,"featured_media":0,"parent":0,"menu_order":0,"comment_status":"closed","ping_status":"closed","template":"","meta":{"_kadence_starter_templates_imported_post":false,"_kad_post_transparent":"","_kad_post_title":"","_kad_post_layout":"","_kad_post_sidebar_id":"","_kad_post_content_style":"","_kad_post_vertical_padding":"","_kad_post_feature":"","_kad_post_feature_position":"","_kad_post_header":false,"_kad_post_footer":false,"footnotes":""},"class_list":["post-21","page","type-page","status-publish","hentry"],"_links":{"self":[{"href":"https:\/\/saosebastiao.tur.br\/web\/wp-json\/wp\/v2\/pages\/21","targetHints":{"allow":["GET"]}}],"collection":[{"href":"https:\/\/saosebastiao.tur.br\/web\/wp-json\/wp\/v2\/pages"}],"about":[{"href":"https:\/\/saosebastiao.tur.br\/web\/wp-json\/wp\/v2\/types\/page"}],"author":[{"embeddable":true,"href":"https:\/\/saosebastiao.tur.br\/web\/wp-json\/wp\/v2\/users\/1"}],"replies":[{"embeddable":true,"href":"https:\/\/saosebastiao.tur.br\/web\/wp-json\/wp\/v2\/comments?post=21"}],"version-history":[{"count":2,"href":"https:\/\/saosebastiao.tur.br\/web\/wp-json\/wp\/v2\/pages\/21\/revisions"}],"predecessor-version":[{"id":142,"href":"https:\/\/saosebastiao.tur.br\/web\/wp-json\/wp\/v2\/pages\/21\/revisions\/142"}],"wp:attachment":[{"href":"https:\/\/saosebastiao.tur.br\/web\/wp-json\/wp\/v2\/media?parent=21"}],"curies":[{"name":"wp","href":"https:\/\/api.w.org\/{rel}","templated":true}]}}

Praia da Enseada em São Sebastião

<p>A Praia da Enseada em São Sebastião é a primeira praia da região norte, fazendo divisa com Caraguatatuba e está localizada a aproximadamente a 12 km do centro de São Sebastião. Esta não é uma praia muito usada para banho.  O pessoal prefere fazer passeios com caiaques e canoas e na época dos ventos fortes, a praia fica lotada pelos praticantes de kyte surf. A praia também favorece a pesca de mariscos e a pesca de arrasto.</p>

<p>A Praia da Enseada em São Sebastião é a primeira praia da região norte, fazendo divisa com Caraguatatuba e está localizada a aproximadamente a 12 km do centro de São Sebastião. Esta não é uma praia muito usada para banho. O pessoal prefere fazer passeios com caiaques e canoas e na época dos ventos fortes,&#8230;</p>
