{"id":213,"date":"2024-08-09T15:27:07","date_gmt":"2024-08-09T18:27:07","guid":{"rendered":"https:\/\/saosebastiao.tur.br\/web\/?page_id=213"},"modified":"2024-08-09T16:08:21","modified_gmt":"2024-08-09T19:08:21","slug":"pousadas-em-sao-sebastiao","status":"publish","type":"page","link":"https:\/\/saosebastiao.tur.br\/web\/pousadas-em-sao-sebastiao\/","title":{"rendered":"Pousadas em S\u00e3o Sebasti\u00e3o"},"content":{"rendered":"\n<p>Este \u00e9 seu guia de pousadas em S\u00e3o Sebasti\u00e3o, litoral norte de S\u00e3o Paulo &#8211; SP. Aqu\u00ed voc\u00ea encontrar\u00e1 diversas op\u00e7\u00f5es para hospedar-se com conforto e privacidade. A maioria das pousadas oferece o caf\u00e9 da manh\u00e3 j\u00e1 inclu\u00eddo em sua di\u00e1ria e servi\u00e7o de quarto. N\u00e3o deixe de visitar os sites e consultar os pre\u00e7os e promo\u00e7\u00f5es que s\u00e3o ofertadas pelas pousadas de S\u00e3o Sebasti\u00e3o.<\/p>\n\n\n\n<div class=\"wp-block-media-text is-stacked-on-mobile\"><figure class=\"wp-block-media-text__media\"><img loading=\"lazy\" decoding=\"async\" width=\"500\" height=\"300\" src=\"https:\/\/saosebastiao.tur.br\/web\/wp-content\/uploads\/pousada-do-almirante-em-sao-sebastiao.jpg\" alt=\"\" class=\"wp-image-214 size-full\" srcset=\"https:\/\/saosebastiao.tur.br\/web\/wp-content\/uploads\/pousada-do-almirante-em-sao-sebastiao.jpg 500w, https:\/\/saosebastiao.tur.br\/web\/wp-content\/uploads\/pousada-do-almirante-em-sao-sebastiao-300x180.jpg 300w\" sizes=\"auto, (max-width: 500px) 100vw, 500px\" \/><\/figure><div class=\"wp-block-media-text__content\">\n<p><strong>Pousada do Almirante<\/strong><br>a 150 metros da praia<br>Rua Maria Madalena Faustino, 201 &#8211; Juquehy &#8211; S\u00e3o Sebasti\u00e3o<br>F.: 12 3863-1514 e Whats: 12 99634 &#8211; 8736<br>O prazer em estar de bem com a vida num lugar apaixonante. Nunca sonhou em ficar ao sol aproveitando a brisa soprando ao rosto, ouvindo o barulho das ondas, sentir os p\u00e9s na areia banhada pelas \u00e1guas do mar?<br>A Pousada do Almirante proporciona tudo isso a voc\u00ea, a apenas 150m. da praia, somado ao conforto, atendimento atencioso e extraordin\u00e1ria hospitalidade, num local criado com muito carinho para voc\u00ea e sua fam\u00edlia.<\/p>\n<\/div><\/div>\n\n\n\n<p><\/p>\n\n\n\n<div class=\"wp-block-media-text is-stacked-on-mobile\"><figure class=\"wp-block-media-text__media\"><img loading=\"lazy\" decoding=\"async\" width=\"500\" height=\"300\" src=\"https:\/\/saosebastiao.tur.br\/web\/wp-content\/uploads\/pousada-nayane-barequecaba-sao-sebastiao.jpg\" alt=\"\" class=\"wp-image-217 size-full\" srcset=\"https:\/\/saosebastiao.tur.br\/web\/wp-content\/uploads\/pousada-nayane-barequecaba-sao-sebastiao.jpg 500w, https:\/\/saosebastiao.tur.br\/web\/wp-content\/uploads\/pousada-nayane-barequecaba-sao-sebastiao-300x180.jpg 300w\" sizes=\"auto, (max-width: 500px) 100vw, 500px\" \/><\/figure><div class=\"wp-block-media-text__content\">\n<p><strong>Pousada Nayane<\/strong><br>Seu cantinho em Bareque\u00e7aba<br>R. Hermes da Fonseca, 90 &#8211; Bareque\u00e7aba &#8211; S\u00e3o Sebasti\u00e3o<br>F.: 12 3862-6231 e 12 99115-9402<br>Situada na praia de Bareque\u00e7aba, uma das mais belas do litoral de S\u00e3o Sebasti\u00e3o, \u00e9 a mais pr\u00f3xima do centro da cidade e fica a apenas 6km da balsa de acesso \u00e1 Ilhabela. Equipada com tudo que voc\u00ea e sua fam\u00edlia precisam para se hospedar com conforto e curtir os seus merecidos momentos de lazer.<\/p>\n<\/div><\/div>\n\n\n\n<p><\/p>\n","protected":false},"excerpt":{"rendered":"<p>Este \u00e9 seu guia de pousadas em S\u00e3o Sebasti\u00e3o, litoral norte de S\u00e3o Paulo &#8211; SP. Aqu\u00ed voc\u00ea encontrar\u00e1 diversas op\u00e7\u00f5es para hospedar-se com conforto e privacidade. A maioria das pousadas oferece o caf\u00e9 da manh\u00e3 j\u00e1 inclu\u00eddo em sua di\u00e1ria e servi\u00e7o de quarto. N\u00e3o deixe de visitar os sites e consultar os pre\u00e7os&#8230;<\/p>\n","protected":false},"author":1,"featured_media":0,"parent":0,"menu_order":0,"comment_status":"closed","ping_status":"closed","template":"","meta":{"_kadence_starter_templates_imported_post":false,"_kad_post_transparent":"","_kad_post_title":"","_kad_post_layout":"","_kad_post_sidebar_id":"","_kad_post_content_style":"","_kad_post_vertical_padding":"","_kad_post_feature":"","_kad_post_feature_position":"","_kad_post_header":false,"_kad_post_footer":false,"footnotes":""},"class_list":["post-213","page","type-page","status-publish","hentry"],"_links":{"self":[{"href":"https:\/\/saosebastiao.tur.br\/web\/wp-json\/wp\/v2\/pages\/213","targetHints":{"allow":["GET"]}}],"collection":[{"href":"https:\/\/saosebastiao.tur.br\/web\/wp-json\/wp\/v2\/pages"}],"about":[{"href":"https:\/\/saosebastiao.tur.br\/web\/wp-json\/wp\/v2\/types\/page"}],"author":[{"embeddable":true,"href":"https:\/\/saosebastiao.tur.br\/web\/wp-json\/wp\/v2\/users\/1"}],"replies":[{"embeddable":true,"href":"https:\/\/saosebastiao.tur.br\/web\/wp-json\/wp\/v2\/comments?post=213"}],"version-history":[{"count":2,"href":"https:\/\/saosebastiao.tur.br\/web\/wp-json\/wp\/v2\/pages\/213\/revisions"}],"predecessor-version":[{"id":219,"href":"https:\/\/saosebastiao.tur.br\/web\/wp-json\/wp\/v2\/pages\/213\/revisions\/219"}],"wp:attachment":[{"href":"https:\/\/saosebastiao.tur.br\/web\/wp-json\/wp\/v2\/media?parent=213"}],"curies":[{"name":"wp","href":"https:\/\/api.w.org\/{rel}","templated":true}]}}