{"id":30,"date":"2024-07-12T14:44:39","date_gmt":"2024-07-12T17:44:39","guid":{"rendered":"https:\/\/saosebastiao.tur.br\/web\/?page_id=30"},"modified":"2024-08-15T15:38:20","modified_gmt":"2024-08-15T18:38:20","slug":"praia-de-barequecaba-em-sao-sebastiao","status":"publish","type":"page","link":"https:\/\/saosebastiao.tur.br\/web\/praia-de-barequecaba-em-sao-sebastiao\/","title":{"rendered":"Praia de Bareque\u00e7aba em S\u00e3o Sebasti\u00e3o"},"content":{"rendered":"\n<p>A praia de Bareque\u00e7aba fica a apenas 6 Km do centro e possui pequena infraestrutura como padaria, mercado, farm\u00e1cia, restaurantes e pousadas. Al\u00e9m de \u00e1rea de prote\u00e7\u00e3o ambiental, a praia de Bareque\u00e7aba possui um aspecto selvagem e \u00e9 perfeita para esportes n\u00e1uticos, como mergulho, nata\u00e7\u00e3o, caiaque, barco \u00e0 vela, windsurf. Bareque\u00e7aba tem areias acinzentadas e n\u00e3o \u00e9 praia de tombo, possuindo um mar tranquilo e muito seguro para adultos e especialmente crian\u00e7as. Praia de um visual incr\u00edvel tendo a maravilhosa Ilhabela a sua frente.<\/p>\n\n\n\n<p><\/p>\n\n\n\n<div class=\"wp-block-columns is-layout-flex wp-container-core-columns-is-layout-9d6595d7 wp-block-columns-is-layout-flex\">\n<div class=\"wp-block-column is-layout-flow wp-block-column-is-layout-flow\">\n<figure class=\"wp-block-image size-full\"><img loading=\"lazy\" decoding=\"async\" width=\"600\" height=\"400\" src=\"https:\/\/saosebastiao.tur.br\/web\/wp-content\/uploads\/barequecaba-sao-sebastiao.jpg\" alt=\"\" class=\"wp-image-398\" srcset=\"https:\/\/saosebastiao.tur.br\/web\/wp-content\/uploads\/barequecaba-sao-sebastiao.jpg 600w, https:\/\/saosebastiao.tur.br\/web\/wp-content\/uploads\/barequecaba-sao-sebastiao-300x200.jpg 300w\" sizes=\"auto, (max-width: 600px) 100vw, 600px\" \/><\/figure>\n<\/div>\n\n\n\n<div class=\"wp-block-column is-layout-flow wp-block-column-is-layout-flow\">\n<figure class=\"wp-block-image size-full\"><img loading=\"lazy\" decoding=\"async\" width=\"600\" height=\"400\" src=\"https:\/\/saosebastiao.tur.br\/web\/wp-content\/uploads\/barequecaba-sao-sebastiao-canto-direito-da-praia.jpg\" alt=\"\" class=\"wp-image-400\" srcset=\"https:\/\/saosebastiao.tur.br\/web\/wp-content\/uploads\/barequecaba-sao-sebastiao-canto-direito-da-praia.jpg 600w, https:\/\/saosebastiao.tur.br\/web\/wp-content\/uploads\/barequecaba-sao-sebastiao-canto-direito-da-praia-300x200.jpg 300w\" sizes=\"auto, (max-width: 600px) 100vw, 600px\" \/><\/figure>\n<\/div>\n\n\n\n<div class=\"wp-block-column is-layout-flow wp-block-column-is-layout-flow\">\n<figure class=\"wp-block-image size-full\"><img loading=\"lazy\" decoding=\"async\" width=\"600\" height=\"400\" src=\"https:\/\/saosebastiao.tur.br\/web\/wp-content\/uploads\/barequecaba-sao-sebastiao-canto-esquerdo-proximo-ao-rio.jpg\" alt=\"\" class=\"wp-image-401\" srcset=\"https:\/\/saosebastiao.tur.br\/web\/wp-content\/uploads\/barequecaba-sao-sebastiao-canto-esquerdo-proximo-ao-rio.jpg 600w, https:\/\/saosebastiao.tur.br\/web\/wp-content\/uploads\/barequecaba-sao-sebastiao-canto-esquerdo-proximo-ao-rio-300x200.jpg 300w\" sizes=\"auto, (max-width: 600px) 100vw, 600px\" \/><\/figure>\n<\/div>\n\n\n\n<div class=\"wp-block-column is-layout-flow wp-block-column-is-layout-flow\">\n<figure class=\"wp-block-image size-full\"><img loading=\"lazy\" decoding=\"async\" width=\"600\" height=\"400\" src=\"https:\/\/saosebastiao.tur.br\/web\/wp-content\/uploads\/barequecaba-sao-sebastiao-passeios-com-boia.jpg\" alt=\"\" class=\"wp-image-402\" srcset=\"https:\/\/saosebastiao.tur.br\/web\/wp-content\/uploads\/barequecaba-sao-sebastiao-passeios-com-boia.jpg 600w, https:\/\/saosebastiao.tur.br\/web\/wp-content\/uploads\/barequecaba-sao-sebastiao-passeios-com-boia-300x200.jpg 300w\" sizes=\"auto, (max-width: 600px) 100vw, 600px\" \/><\/figure>\n<\/div>\n<\/div>\n\n\n\n<div class=\"wp-block-columns is-layout-flex wp-container-core-columns-is-layout-9d6595d7 wp-block-columns-is-layout-flex\">\n<div class=\"wp-block-column is-layout-flow wp-block-column-is-layout-flow\">\n<figure class=\"wp-block-image size-full\"><img loading=\"lazy\" decoding=\"async\" width=\"600\" height=\"400\" src=\"https:\/\/saosebastiao.tur.br\/web\/wp-content\/uploads\/barequecaba-sao-sebastiao-vista-aerea.jpg\" alt=\"\" class=\"wp-image-403\" srcset=\"https:\/\/saosebastiao.tur.br\/web\/wp-content\/uploads\/barequecaba-sao-sebastiao-vista-aerea.jpg 600w, https:\/\/saosebastiao.tur.br\/web\/wp-content\/uploads\/barequecaba-sao-sebastiao-vista-aerea-300x200.jpg 300w\" sizes=\"auto, (max-width: 600px) 100vw, 600px\" \/><\/figure>\n<\/div>\n\n\n\n<div class=\"wp-block-column is-layout-flow wp-block-column-is-layout-flow\">\n<figure class=\"wp-block-image size-full\"><img loading=\"lazy\" decoding=\"async\" width=\"600\" height=\"400\" src=\"https:\/\/saosebastiao.tur.br\/web\/wp-content\/uploads\/barequecaba-sao-sebastiao-vista-para-canto-esquerdo-da-praia.jpg\" alt=\"\" class=\"wp-image-404\" srcset=\"https:\/\/saosebastiao.tur.br\/web\/wp-content\/uploads\/barequecaba-sao-sebastiao-vista-para-canto-esquerdo-da-praia.jpg 600w, https:\/\/saosebastiao.tur.br\/web\/wp-content\/uploads\/barequecaba-sao-sebastiao-vista-para-canto-esquerdo-da-praia-300x200.jpg 300w\" sizes=\"auto, (max-width: 600px) 100vw, 600px\" \/><\/figure>\n<\/div>\n\n\n\n<div class=\"wp-block-column is-layout-flow wp-block-column-is-layout-flow\">\n<figure class=\"wp-block-image size-full\"><img loading=\"lazy\" decoding=\"async\" width=\"600\" height=\"400\" src=\"https:\/\/saosebastiao.tur.br\/web\/wp-content\/uploads\/barequecaba-sao-sebastiao-vista-aerea-1.jpg\" alt=\"\" class=\"wp-image-405\" srcset=\"https:\/\/saosebastiao.tur.br\/web\/wp-content\/uploads\/barequecaba-sao-sebastiao-vista-aerea-1.jpg 600w, https:\/\/saosebastiao.tur.br\/web\/wp-content\/uploads\/barequecaba-sao-sebastiao-vista-aerea-1-300x200.jpg 300w\" sizes=\"auto, (max-width: 600px) 100vw, 600px\" \/><\/figure>\n<\/div>\n\n\n\n<div class=\"wp-block-column is-layout-flow wp-block-column-is-layout-flow\"><\/div>\n<\/div>\n","protected":false},"excerpt":{"rendered":"<p>A praia de Bareque\u00e7aba fica a apenas 6 Km do centro e possui pequena infraestrutura como padaria, mercado, farm\u00e1cia, restaurantes e pousadas. Al\u00e9m de \u00e1rea de prote\u00e7\u00e3o ambiental, a praia de Bareque\u00e7aba possui um aspecto selvagem e \u00e9 perfeita para esportes n\u00e1uticos, como mergulho, nata\u00e7\u00e3o, caiaque, barco \u00e0 vela, windsurf. Bareque\u00e7aba tem areias acinzentadas e&#8230;<\/p>\n","protected":false},"author":1,"featured_media":0,"parent":0,"menu_order":0,"comment_status":"closed","ping_status":"closed","template":"","meta":{"_kadence_starter_templates_imported_post":false,"_kad_post_transparent":"","_kad_post_title":"","_kad_post_layout":"","_kad_post_sidebar_id":"","_kad_post_content_style":"","_kad_post_vertical_padding":"","_kad_post_feature":"","_kad_post_feature_position":"","_kad_post_header":false,"_kad_post_footer":false,"footnotes":""},"class_list":["post-30","page","type-page","status-publish","hentry"],"_links":{"self":[{"href":"https:\/\/saosebastiao.tur.br\/web\/wp-json\/wp\/v2\/pages\/30","targetHints":{"allow":["GET"]}}],"collection":[{"href":"https:\/\/saosebastiao.tur.br\/web\/wp-json\/wp\/v2\/pages"}],"about":[{"href":"https:\/\/saosebastiao.tur.br\/web\/wp-json\/wp\/v2\/types\/page"}],"author":[{"embeddable":true,"href":"https:\/\/saosebastiao.tur.br\/web\/wp-json\/wp\/v2\/users\/1"}],"replies":[{"embeddable":true,"href":"https:\/\/saosebastiao.tur.br\/web\/wp-json\/wp\/v2\/comments?post=30"}],"version-history":[{"count":3,"href":"https:\/\/saosebastiao.tur.br\/web\/wp-json\/wp\/v2\/pages\/30\/revisions"}],"predecessor-version":[{"id":406,"href":"https:\/\/saosebastiao.tur.br\/web\/wp-json\/wp\/v2\/pages\/30\/revisions\/406"}],"wp:attachment":[{"href":"https:\/\/saosebastiao.tur.br\/web\/wp-json\/wp\/v2\/media?parent=30"}],"curies":[{"name":"wp","href":"https:\/\/api.w.org\/{rel}","templated":true}]}}

Praia de Barequeçaba em São Sebastião

<p>A praia de Barequeçaba fica a apenas 6 Km do centro e possui pequena infraestrutura como padaria, mercado, farmácia, restaurantes e pousadas. Além de área de proteção ambiental, a praia de Barequeçaba possui um aspecto selvagem e é perfeita para esportes náuticos, como mergulho, natação, caiaque, barco à vela, windsurf. Barequeçaba tem areias acinzentadas e não é praia de tombo, possuindo um mar tranquilo e muito seguro para adultos e especialmente crianças. Praia de um visual incrível tendo a maravilhosa Ilhabela a sua frente.</p>



<p></p>



<div class="wp-block-columns is-layout-flex wp-container-core-columns-is-layout-9d6595d7 wp-block-columns-is-layout-flex">
<div class="wp-block-column is-layout-flow wp-block-column-is-layout-flow">
<figure class="wp-block-image size-full"><img loading="lazy" decoding="async" width="600" height="400" src="https://saosebastiao.tur.br/web/wp-content/uploads/barequecaba-sao-sebastiao.jpg" alt="" class="wp-image-398" srcset="https://saosebastiao.tur.br/web/wp-content/uploads/barequecaba-sao-sebastiao.jpg 600w, https://saosebastiao.tur.br/web/wp-content/uploads/barequecaba-sao-sebastiao-300x200.jpg 300w" sizes="auto, (max-width: 600px) 100vw, 600px" /></figure>
</div>



<div class="wp-block-column is-layout-flow wp-block-column-is-layout-flow">
<figure class="wp-block-image size-full"><img loading="lazy" decoding="async" width="600" height="400" src="https://saosebastiao.tur.br/web/wp-content/uploads/barequecaba-sao-sebastiao-canto-direito-da-praia.jpg" alt="" class="wp-image-400" srcset="https://saosebastiao.tur.br/web/wp-content/uploads/barequecaba-sao-sebastiao-canto-direito-da-praia.jpg 600w, https://saosebastiao.tur.br/web/wp-content/uploads/barequecaba-sao-sebastiao-canto-direito-da-praia-300x200.jpg 300w" sizes="auto, (max-width: 600px) 100vw, 600px" /></figure>
</div>



<div class="wp-block-column is-layout-flow wp-block-column-is-layout-flow">
<figure class="wp-block-image size-full"><img loading="lazy" decoding="async" width="600" height="400" src="https://saosebastiao.tur.br/web/wp-content/uploads/barequecaba-sao-sebastiao-canto-esquerdo-proximo-ao-rio.jpg" alt="" class="wp-image-401" srcset="https://saosebastiao.tur.br/web/wp-content/uploads/barequecaba-sao-sebastiao-canto-esquerdo-proximo-ao-rio.jpg 600w, https://saosebastiao.tur.br/web/wp-content/uploads/barequecaba-sao-sebastiao-canto-esquerdo-proximo-ao-rio-300x200.jpg 300w" sizes="auto, (max-width: 600px) 100vw, 600px" /></figure>
</div>



<div class="wp-block-column is-layout-flow wp-block-column-is-layout-flow">
<figure class="wp-block-image size-full"><img loading="lazy" decoding="async" width="600" height="400" src="https://saosebastiao.tur.br/web/wp-content/uploads/barequecaba-sao-sebastiao-passeios-com-boia.jpg" alt="" class="wp-image-402" srcset="https://saosebastiao.tur.br/web/wp-content/uploads/barequecaba-sao-sebastiao-passeios-com-boia.jpg 600w, https://saosebastiao.tur.br/web/wp-content/uploads/barequecaba-sao-sebastiao-passeios-com-boia-300x200.jpg 300w" sizes="auto, (max-width: 600px) 100vw, 600px" /></figure>
</div>
</div>



<div class="wp-block-columns is-layout-flex wp-container-core-columns-is-layout-9d6595d7 wp-block-columns-is-layout-flex">
<div class="wp-block-column is-layout-flow wp-block-column-is-layout-flow">
<figure class="wp-block-image size-full"><img loading="lazy" decoding="async" width="600" height="400" src="https://saosebastiao.tur.br/web/wp-content/uploads/barequecaba-sao-sebastiao-vista-aerea.jpg" alt="" class="wp-image-403" srcset="https://saosebastiao.tur.br/web/wp-content/uploads/barequecaba-sao-sebastiao-vista-aerea.jpg 600w, https://saosebastiao.tur.br/web/wp-content/uploads/barequecaba-sao-sebastiao-vista-aerea-300x200.jpg 300w" sizes="auto, (max-width: 600px) 100vw, 600px" /></figure>
</div>



<div class="wp-block-column is-layout-flow wp-block-column-is-layout-flow">
<figure class="wp-block-image size-full"><img loading="lazy" decoding="async" width="600" height="400" src="https://saosebastiao.tur.br/web/wp-content/uploads/barequecaba-sao-sebastiao-vista-para-canto-esquerdo-da-praia.jpg" alt="" class="wp-image-404" srcset="https://saosebastiao.tur.br/web/wp-content/uploads/barequecaba-sao-sebastiao-vista-para-canto-esquerdo-da-praia.jpg 600w, https://saosebastiao.tur.br/web/wp-content/uploads/barequecaba-sao-sebastiao-vista-para-canto-esquerdo-da-praia-300x200.jpg 300w" sizes="auto, (max-width: 600px) 100vw, 600px" /></figure>
</div>



<div class="wp-block-column is-layout-flow wp-block-column-is-layout-flow">
<figure class="wp-block-image size-full"><img loading="lazy" decoding="async" width="600" height="400" src="https://saosebastiao.tur.br/web/wp-content/uploads/barequecaba-sao-sebastiao-vista-aerea-1.jpg" alt="" class="wp-image-405" srcset="https://saosebastiao.tur.br/web/wp-content/uploads/barequecaba-sao-sebastiao-vista-aerea-1.jpg 600w, https://saosebastiao.tur.br/web/wp-content/uploads/barequecaba-sao-sebastiao-vista-aerea-1-300x200.jpg 300w" sizes="auto, (max-width: 600px) 100vw, 600px" /></figure>
</div>



<div class="wp-block-column is-layout-flow wp-block-column-is-layout-flow"></div>
</div>

<p>A praia de Barequeçaba fica a apenas 6 Km do centro e possui pequena infraestrutura como padaria, mercado, farmácia, restaurantes e pousadas. Além de área de proteção ambiental, a praia de Barequeçaba possui um aspecto selvagem e é perfeita para esportes náuticos, como mergulho, natação, caiaque, barco à vela, windsurf. Barequeçaba tem areias acinzentadas e&#8230;</p>
