{"id":301,"date":"2024-08-10T14:45:46","date_gmt":"2024-08-10T17:45:46","guid":{"rendered":"https:\/\/saosebastiao.tur.br\/web\/?page_id=301"},"modified":"2024-08-10T14:54:47","modified_gmt":"2024-08-10T17:54:47","slug":"historia-de-piratas-e-corsarios-em-sao-sebastiao","status":"publish","type":"page","link":"https:\/\/saosebastiao.tur.br\/web\/historia-de-piratas-e-corsarios-em-sao-sebastiao\/","title":{"rendered":"Hist\u00f3ria de piratas e cors\u00e1rios em S\u00e3o Sebasti\u00e3o"},"content":{"rendered":"\n<div class=\"wp-block-columns is-layout-flex wp-container-core-columns-is-layout-9d6595d7 wp-block-columns-is-layout-flex\">\n<div class=\"wp-block-column is-layout-flow wp-block-column-is-layout-flow\">\n<div class=\"wp-block-columns is-layout-flex wp-container-core-columns-is-layout-9d6595d7 wp-block-columns-is-layout-flex\">\n<div class=\"wp-block-column is-layout-flow wp-block-column-is-layout-flow\">\n<figure class=\"wp-block-image size-full\"><img loading=\"lazy\" decoding=\"async\" width=\"180\" height=\"223\" src=\"https:\/\/saosebastiao.tur.br\/web\/wp-content\/uploads\/thomas_cavendish.jpg\" alt=\"\" class=\"wp-image-302\"\/><\/figure>\n<\/div>\n\n\n\n<div class=\"wp-block-column is-layout-flow wp-block-column-is-layout-flow\">\n<h4 class=\"wp-block-heading\">Thomas Cavendish<\/h4>\n\n\n\n<ul class=\"wp-block-list\">\n<li>Nascimento:Trimley St. Martin, 19 de setembro de 1560<\/li>\n\n\n\n<li>Falecimento: fevereiro de 1592<\/li>\n\n\n\n<li>foi um almirante ingl\u00eas.<\/li>\n<\/ul>\n<\/div>\n<\/div>\n<\/div>\n\n\n\n<div class=\"wp-block-column is-layout-flow wp-block-column-is-layout-flow\">\n<p>Esta emancipa\u00e7\u00e3o foi motivada ainda pela necessidade de proteger a regi\u00e3o dos ataques dos piratas e cors\u00e1rios ingleses, franceses e holandeses, presen\u00e7a constante na regi\u00e3o devido ao intenso tr\u00e1fego de navios mercantes da frota real portuguesa. Canh\u00f5es protegiam a vila dos invasores que utilizavam a Ilha de S\u00e3o Sebasti\u00e3o como ref\u00fagio e costumavam atacar e saquear os povoados.<\/p>\n\n\n\n<p>O principal deles, o lend\u00e1rio pirata ingl\u00eas THOMAS CAVENDISH usava a regi\u00e3o como base, saqueando cidades desde a Patag\u00f4nia, sul da Argentina, at\u00e9 o nordeste brasileiro. Pilhou a cidade de Santos em pleno dia de Natal, incendiando a Vila de S\u00e3o Vicente. Um motim a bordo, ao largo da baia de Castelhanos, na Ilha de S\u00e3o Sebasti\u00e3o, teria levado a tripula\u00e7\u00e3o a enforcar Cavendish, como tamb\u00e9m era conhecido o cors\u00e1rio, no mastro do gale\u00e3o Leicester, nau principal da sua frota de cinco embarca\u00e7\u00f5es.<\/p>\n<\/div>\n<\/div>\n\n\n\n<div class=\"wp-block-columns is-layout-flex wp-container-core-columns-is-layout-9d6595d7 wp-block-columns-is-layout-flex\">\n<div class=\"wp-block-column is-layout-flow wp-block-column-is-layout-flow\">\n<div class=\"wp-block-columns is-layout-flex wp-container-core-columns-is-layout-9d6595d7 wp-block-columns-is-layout-flex\">\n<div class=\"wp-block-column is-layout-flow wp-block-column-is-layout-flow\">\n<figure class=\"wp-block-image size-full\"><img loading=\"lazy\" decoding=\"async\" width=\"250\" height=\"333\" src=\"https:\/\/saosebastiao.tur.br\/web\/wp-content\/uploads\/rene-duguay.jpg\" alt=\"\" class=\"wp-image-303\" srcset=\"https:\/\/saosebastiao.tur.br\/web\/wp-content\/uploads\/rene-duguay.jpg 250w, https:\/\/saosebastiao.tur.br\/web\/wp-content\/uploads\/rene-duguay-225x300.jpg 225w\" sizes=\"auto, (max-width: 250px) 100vw, 250px\" \/><\/figure>\n<\/div>\n\n\n\n<div class=\"wp-block-column is-layout-flow wp-block-column-is-layout-flow\">\n<h4 class=\"wp-block-heading\">Ren\u00e9 Duguay-Trouin<\/h4>\n\n\n\n<ul class=\"wp-block-list\">\n<li>Nascimento:Saint-Malo, Fran\u00e7a, 10 de junho de 1673<\/li>\n\n\n\n<li>Falecimento: 27 de setembro de 1736 &#8211; Paris-Fran\u00e7a<\/li>\n\n\n\n<li>foi um almirante ingl\u00eas<\/li>\n<\/ul>\n<\/div>\n<\/div>\n<\/div>\n\n\n\n<div class=\"wp-block-column is-layout-flow wp-block-column-is-layout-flow\">\n<p>Outro cors\u00e1rio famoso que freq\u00fcentava a regi\u00e3o, era o almirante REN\u00c9 DUGUAY &#8211; TROUIN<br>Ren\u00e9 Trouin, mais conhecido como Ren\u00e9 Duguay-Trouin mas tamb\u00e9m grafado como Du Guay-Trouin, foi um cors\u00e1rio franc\u00eas. Senhor de Gu\u00e9, alcan\u00e7ou o posto de almirante e de comandante na Ordem de S\u00e3o Lu\u00eds.<\/p>\n\n\n\n<p>Nobre franc\u00eas, audacioso, comandou a esquadra de dezessete embarca\u00e7\u00f5es que em 1711 invadiu e conquistou a cidade do Rio de Janeiro.<\/p>\n\n\n\n<p>Veja tamb\u00e9m:<\/p>\n\n\n\n<ol class=\"wp-block-list\">\n<li><a href=\"https:\/\/saosebastiao.tur.br\/web\/historia-de-piratas-e-corsarios-em-sao-sebastiao\/\" data-type=\"page\" data-id=\"301\">Piratas e Cors\u00e1rios<\/a><\/li>\n\n\n\n<li><a href=\"https:\/\/saosebastiao.tur.br\/web\/historia-do-porto-de-sao-sebastiao\/\" data-type=\"page\" data-id=\"298\">O Porto como Fator de desenvolvimento econ\u00f4mico<\/a><\/li>\n\n\n\n<li><a href=\"https:\/\/saosebastiao.tur.br\/web\/historia-dos-transportes-em-sao-sebastiao\/\" data-type=\"page\" data-id=\"292\">Transportes<\/a><\/li>\n\n\n\n<li><a href=\"https:\/\/saosebastiao.tur.br\/web\/historia-politica-de-sao-sebastiao\/\" data-type=\"page\" data-id=\"279\">Pol\u00edtica<\/a><\/li>\n\n\n\n<li><a href=\"https:\/\/saosebastiao.tur.br\/web\/historia-da-escravatura-em-sao-sebastiao\/\" data-type=\"page\" data-id=\"270\">Escravatura<\/a><\/li>\n\n\n\n<li><a href=\"https:\/\/saosebastiao.tur.br\/web\/historia-da-formacao-fundiaria-de-sao-sebastiao\/\" data-type=\"page\" data-id=\"263\">Forma\u00e7\u00e3o Fundi\u00e1ria<\/a><\/li>\n\n\n\n<li><a href=\"https:\/\/saosebastiao.tur.br\/web\/historia-do-comercio-em-sao-sebastiao\/\" data-type=\"page\" data-id=\"254\">Com\u00e9rcio<\/a><\/li>\n<\/ol>\n<\/div>\n<\/div>\n\n\n\n<p><\/p>\n","protected":false},"excerpt":{"rendered":"<p>Thomas Cavendish Esta emancipa\u00e7\u00e3o foi motivada ainda pela necessidade de proteger a regi\u00e3o dos ataques dos piratas e cors\u00e1rios ingleses, franceses e holandeses, presen\u00e7a constante na regi\u00e3o devido ao intenso tr\u00e1fego de navios mercantes da frota real portuguesa. Canh\u00f5es protegiam a vila dos invasores que utilizavam a Ilha de S\u00e3o Sebasti\u00e3o como ref\u00fagio e costumavam&#8230;<\/p>\n","protected":false},"author":1,"featured_media":0,"parent":0,"menu_order":0,"comment_status":"closed","ping_status":"closed","template":"","meta":{"_kadence_starter_templates_imported_post":false,"_kad_post_transparent":"","_kad_post_title":"","_kad_post_layout":"","_kad_post_sidebar_id":"","_kad_post_content_style":"","_kad_post_vertical_padding":"","_kad_post_feature":"","_kad_post_feature_position":"","_kad_post_header":false,"_kad_post_footer":false,"footnotes":""},"class_list":["post-301","page","type-page","status-publish","hentry"],"_links":{"self":[{"href":"https:\/\/saosebastiao.tur.br\/web\/wp-json\/wp\/v2\/pages\/301","targetHints":{"allow":["GET"]}}],"collection":[{"href":"https:\/\/saosebastiao.tur.br\/web\/wp-json\/wp\/v2\/pages"}],"about":[{"href":"https:\/\/saosebastiao.tur.br\/web\/wp-json\/wp\/v2\/types\/page"}],"author":[{"embeddable":true,"href":"https:\/\/saosebastiao.tur.br\/web\/wp-json\/wp\/v2\/users\/1"}],"replies":[{"embeddable":true,"href":"https:\/\/saosebastiao.tur.br\/web\/wp-json\/wp\/v2\/comments?post=301"}],"version-history":[{"count":2,"href":"https:\/\/saosebastiao.tur.br\/web\/wp-json\/wp\/v2\/pages\/301\/revisions"}],"predecessor-version":[{"id":314,"href":"https:\/\/saosebastiao.tur.br\/web\/wp-json\/wp\/v2\/pages\/301\/revisions\/314"}],"wp:attachment":[{"href":"https:\/\/saosebastiao.tur.br\/web\/wp-json\/wp\/v2\/media?parent=301"}],"curies":[{"name":"wp","href":"https:\/\/api.w.org\/{rel}","templated":true}]}}

História de piratas e corsários em São Sebastião

<div class="wp-block-columns is-layout-flex wp-container-core-columns-is-layout-9d6595d7 wp-block-columns-is-layout-flex">
<div class="wp-block-column is-layout-flow wp-block-column-is-layout-flow">
<div class="wp-block-columns is-layout-flex wp-container-core-columns-is-layout-9d6595d7 wp-block-columns-is-layout-flex">
<div class="wp-block-column is-layout-flow wp-block-column-is-layout-flow">
<figure class="wp-block-image size-full"><img loading="lazy" decoding="async" width="180" height="223" src="https://saosebastiao.tur.br/web/wp-content/uploads/thomas_cavendish.jpg" alt="" class="wp-image-302"/></figure>
</div>



<div class="wp-block-column is-layout-flow wp-block-column-is-layout-flow">
<h4 class="wp-block-heading">Thomas Cavendish</h4>



<ul class="wp-block-list">
<li>Nascimento:Trimley St. Martin, 19 de setembro de 1560</li>



<li>Falecimento: fevereiro de 1592</li>



<li>foi um almirante inglês.</li>
</ul>
</div>
</div>
</div>



<div class="wp-block-column is-layout-flow wp-block-column-is-layout-flow">
<p>Esta emancipação foi motivada ainda pela necessidade de proteger a região dos ataques dos piratas e corsários ingleses, franceses e holandeses, presença constante na região devido ao intenso tráfego de navios mercantes da frota real portuguesa. Canhões protegiam a vila dos invasores que utilizavam a Ilha de São Sebastião como refúgio e costumavam atacar e saquear os povoados.</p>



<p>O principal deles, o lendário pirata inglês THOMAS CAVENDISH usava a região como base, saqueando cidades desde a Patagônia, sul da Argentina, até o nordeste brasileiro. Pilhou a cidade de Santos em pleno dia de Natal, incendiando a Vila de São Vicente. Um motim a bordo, ao largo da baia de Castelhanos, na Ilha de São Sebastião, teria levado a tripulação a enforcar Cavendish, como também era conhecido o corsário, no mastro do galeão Leicester, nau principal da sua frota de cinco embarcações.</p>
</div>
</div>



<div class="wp-block-columns is-layout-flex wp-container-core-columns-is-layout-9d6595d7 wp-block-columns-is-layout-flex">
<div class="wp-block-column is-layout-flow wp-block-column-is-layout-flow">
<div class="wp-block-columns is-layout-flex wp-container-core-columns-is-layout-9d6595d7 wp-block-columns-is-layout-flex">
<div class="wp-block-column is-layout-flow wp-block-column-is-layout-flow">
<figure class="wp-block-image size-full"><img loading="lazy" decoding="async" width="250" height="333" src="https://saosebastiao.tur.br/web/wp-content/uploads/rene-duguay.jpg" alt="" class="wp-image-303" srcset="https://saosebastiao.tur.br/web/wp-content/uploads/rene-duguay.jpg 250w, https://saosebastiao.tur.br/web/wp-content/uploads/rene-duguay-225x300.jpg 225w" sizes="auto, (max-width: 250px) 100vw, 250px" /></figure>
</div>



<div class="wp-block-column is-layout-flow wp-block-column-is-layout-flow">
<h4 class="wp-block-heading">René Duguay-Trouin</h4>



<ul class="wp-block-list">
<li>Nascimento:Saint-Malo, França, 10 de junho de 1673</li>



<li>Falecimento: 27 de setembro de 1736 &#8211; Paris-França</li>



<li>foi um almirante inglês</li>
</ul>
</div>
</div>
</div>



<div class="wp-block-column is-layout-flow wp-block-column-is-layout-flow">
<p>Outro corsário famoso que freqüentava a região, era o almirante RENÉ DUGUAY &#8211; TROUIN<br>René Trouin, mais conhecido como René Duguay-Trouin mas também grafado como Du Guay-Trouin, foi um corsário francês. Senhor de Gué, alcançou o posto de almirante e de comandante na Ordem de São Luís.</p>



<p>Nobre francês, audacioso, comandou a esquadra de dezessete embarcações que em 1711 invadiu e conquistou a cidade do Rio de Janeiro.</p>



<p>Veja também:</p>



<ol class="wp-block-list">
<li><a href="https://saosebastiao.tur.br/web/historia-de-piratas-e-corsarios-em-sao-sebastiao/" data-type="page" data-id="301">Piratas e Corsários</a></li>



<li><a href="https://saosebastiao.tur.br/web/historia-do-porto-de-sao-sebastiao/" data-type="page" data-id="298">O Porto como Fator de desenvolvimento econômico</a></li>



<li><a href="https://saosebastiao.tur.br/web/historia-dos-transportes-em-sao-sebastiao/" data-type="page" data-id="292">Transportes</a></li>



<li><a href="https://saosebastiao.tur.br/web/historia-politica-de-sao-sebastiao/" data-type="page" data-id="279">Política</a></li>



<li><a href="https://saosebastiao.tur.br/web/historia-da-escravatura-em-sao-sebastiao/" data-type="page" data-id="270">Escravatura</a></li>



<li><a href="https://saosebastiao.tur.br/web/historia-da-formacao-fundiaria-de-sao-sebastiao/" data-type="page" data-id="263">Formação Fundiária</a></li>



<li><a href="https://saosebastiao.tur.br/web/historia-do-comercio-em-sao-sebastiao/" data-type="page" data-id="254">Comércio</a></li>
</ol>
</div>
</div>



<p></p>

<p>Thomas Cavendish Esta emancipação foi motivada ainda pela necessidade de proteger a região dos ataques dos piratas e corsários ingleses, franceses e holandeses, presença constante na região devido ao intenso tráfego de navios mercantes da frota real portuguesa. Canhões protegiam a vila dos invasores que utilizavam a Ilha de São Sebastião como refúgio e costumavam&#8230;</p>
