{"id":333,"date":"2024-08-12T06:55:47","date_gmt":"2024-08-12T09:55:47","guid":{"rendered":"https:\/\/saosebastiao.tur.br\/web\/?page_id=333"},"modified":"2024-08-12T07:51:03","modified_gmt":"2024-08-12T10:51:03","slug":"coconuts-praia-hotel-em-maresias","status":"publish","type":"page","link":"https:\/\/saosebastiao.tur.br\/web\/coconuts-praia-hotel-em-maresias\/","title":{"rendered":"Coconuts Praia Hotel em Maresias"},"content":{"rendered":"\n<div class=\"wp-block-media-text is-stacked-on-mobile is-vertically-aligned-top\"><figure class=\"wp-block-media-text__media\"><img loading=\"lazy\" decoding=\"async\" width=\"500\" height=\"300\" src=\"https:\/\/saosebastiao.tur.br\/web\/wp-content\/uploads\/coconuts-hotel-em-sao-sebastiao.jpg\" alt=\"Coconuts Praia Hotel em S\u00e3o Sebasti\u00e3o\" class=\"wp-image-222 size-full\" srcset=\"https:\/\/saosebastiao.tur.br\/web\/wp-content\/uploads\/coconuts-hotel-em-sao-sebastiao.jpg 500w, https:\/\/saosebastiao.tur.br\/web\/wp-content\/uploads\/coconuts-hotel-em-sao-sebastiao-300x180.jpg 300w\" sizes=\"auto, (max-width: 500px) 100vw, 500px\" \/><\/figure><div class=\"wp-block-media-text__content\">\n<p><strong>Coconut&#8217;s Maresias Hotel<\/strong><br>O seu Hotel em Maresias!<br>Av. Francisco Loup, 1.090 Km 154<br>Fone: 12 3865-7875 &#8211;&nbsp;12 99736-7841<br>Whatsapp: 12 99710-0534<br>e-mail:<\/p>\n\n\n\n<p>\u00c9 o que h\u00e1 de melhor para relaxar e aproveitar a praia de Maresias com a fam\u00edlia e os amigos.<\/p>\n\n\n\n<p>Excelente hotel com&nbsp;estrutura de lazer frente ao mar, piscinas adulta com cascata e infantil, servi\u00e7o de praia com cadeiras, guarda-sol, toalhas e atendimento com gar\u00e7om na praia, conta tamb\u00e9m com uma sala de TV, wifi e um maravilhoso&nbsp;caf\u00e9 da manh\u00e3 com vista para o mar. Do lado oposto da avenida voc\u00ea descansa em&nbsp;su\u00edtes equipadas com ar-condicionado split, Smart TV, frigobar, cofre eletr\u00f4nico, ducha aquecida e&nbsp;estacionamento com seguro 24h.<\/p>\n<\/div><\/div>\n","protected":false},"excerpt":{"rendered":"<p>Coconut&#8217;s Maresias HotelO seu Hotel em Maresias!Av. Francisco Loup, 1.090 Km 154Fone: 12 3865-7875 &#8211;&nbsp;12 99736-7841Whatsapp: 12 99710-0534e-mail: \u00c9 o que h\u00e1 de melhor para relaxar e aproveitar a praia de Maresias com a fam\u00edlia e os amigos. Excelente hotel com&nbsp;estrutura de lazer frente ao mar, piscinas adulta com cascata e infantil, servi\u00e7o de praia&#8230;<\/p>\n","protected":false},"author":1,"featured_media":0,"parent":0,"menu_order":0,"comment_status":"closed","ping_status":"closed","template":"","meta":{"_kadence_starter_templates_imported_post":false,"_kad_post_transparent":"","_kad_post_title":"","_kad_post_layout":"","_kad_post_sidebar_id":"","_kad_post_content_style":"","_kad_post_vertical_padding":"","_kad_post_feature":"","_kad_post_feature_position":"","_kad_post_header":false,"_kad_post_footer":false,"footnotes":""},"class_list":["post-333","page","type-page","status-publish","hentry"],"_links":{"self":[{"href":"https:\/\/saosebastiao.tur.br\/web\/wp-json\/wp\/v2\/pages\/333","targetHints":{"allow":["GET"]}}],"collection":[{"href":"https:\/\/saosebastiao.tur.br\/web\/wp-json\/wp\/v2\/pages"}],"about":[{"href":"https:\/\/saosebastiao.tur.br\/web\/wp-json\/wp\/v2\/types\/page"}],"author":[{"embeddable":true,"href":"https:\/\/saosebastiao.tur.br\/web\/wp-json\/wp\/v2\/users\/1"}],"replies":[{"embeddable":true,"href":"https:\/\/saosebastiao.tur.br\/web\/wp-json\/wp\/v2\/comments?post=333"}],"version-history":[{"count":6,"href":"https:\/\/saosebastiao.tur.br\/web\/wp-json\/wp\/v2\/pages\/333\/revisions"}],"predecessor-version":[{"id":341,"href":"https:\/\/saosebastiao.tur.br\/web\/wp-json\/wp\/v2\/pages\/333\/revisions\/341"}],"wp:attachment":[{"href":"https:\/\/saosebastiao.tur.br\/web\/wp-json\/wp\/v2\/media?parent=333"}],"curies":[{"name":"wp","href":"https:\/\/api.w.org\/{rel}","templated":true}]}}