{"id":36,"date":"2024-07-12T15:27:47","date_gmt":"2024-07-12T18:27:47","guid":{"rendered":"https:\/\/saosebastiao.tur.br\/web\/?page_id=36"},"modified":"2024-08-15T15:45:41","modified_gmt":"2024-08-15T18:45:41","slug":"praia-de-boicucanga-em-sao-sebastiao","status":"publish","type":"page","link":"https:\/\/saosebastiao.tur.br\/web\/praia-de-boicucanga-em-sao-sebastiao\/","title":{"rendered":"Praia de Boi\u00e7ucanga em S\u00e3o Sebasti\u00e3o"},"content":{"rendered":"\n<p>A praia de Boi\u00e7ucanga localiza-se a 35 km do Centro. Era do tempo dos \u00edndios tupiniquins e tupinamb\u00e1s e \u00e9 da l\u00edngua ind\u00edgena que vem o nome Boi\u00e7ucanga: Boi, que significa cobra + A\u00e7u, que significa grande + Canga, que significa cabe\u00e7a. A Cobra de Cabe\u00e7a Grande seria a serra que isola Boi\u00e7ucanga do restante do munic\u00edpio. As festas tradicionais, como a de Nossa Senhora da Concei\u00e7\u00e3o e a Corrida de Canoas na Passagem de Ano s\u00e3o tradicionais, contando inclusive com a participa\u00e7\u00e3o de turistas e veranistas. Para quem curte as maravilhas naturais, Boi\u00e7ucanga tem uma das cachoeiras mais lindas da Costa, a cachoeira do Ribeir\u00e3o do Itu. Tem tamb\u00e9m uma vila de pescadores no canto esquerdo da praia pr\u00f3xima ao rio, onde podemos encontrar peixes fresquinhos e tamb\u00e9m passeios de barco para as ilhas da regi\u00e3o.<br>Boi\u00e7ucanga \u00e9 uma praia de tombo com mar verde esmeralda, muito limpa e bem cuidada, mas com ondas bravas, por\u00e9m, pr\u00f3ximo ao as \u00e1guas s\u00e3o mais tranquilas.<\/p>\n\n\n\n<div class=\"wp-block-columns is-layout-flex wp-container-core-columns-is-layout-9d6595d7 wp-block-columns-is-layout-flex\">\n<div class=\"wp-block-column is-layout-flow wp-block-column-is-layout-flow\">\n<figure class=\"wp-block-image size-full\"><img loading=\"lazy\" decoding=\"async\" width=\"600\" height=\"400\" src=\"https:\/\/saosebastiao.tur.br\/web\/wp-content\/uploads\/boicucanga-sao-sebastiao.jpg\" alt=\"\" class=\"wp-image-407\" srcset=\"https:\/\/saosebastiao.tur.br\/web\/wp-content\/uploads\/boicucanga-sao-sebastiao.jpg 600w, https:\/\/saosebastiao.tur.br\/web\/wp-content\/uploads\/boicucanga-sao-sebastiao-300x200.jpg 300w\" sizes=\"auto, (max-width: 600px) 100vw, 600px\" \/><\/figure>\n<\/div>\n\n\n\n<div class=\"wp-block-column is-layout-flow wp-block-column-is-layout-flow\">\n<figure class=\"wp-block-image size-full\"><img loading=\"lazy\" decoding=\"async\" width=\"600\" height=\"400\" src=\"https:\/\/saosebastiao.tur.br\/web\/wp-content\/uploads\/boicucanga-sao-sebastiao-2.jpg\" alt=\"\" class=\"wp-image-408\" srcset=\"https:\/\/saosebastiao.tur.br\/web\/wp-content\/uploads\/boicucanga-sao-sebastiao-2.jpg 600w, https:\/\/saosebastiao.tur.br\/web\/wp-content\/uploads\/boicucanga-sao-sebastiao-2-300x200.jpg 300w\" sizes=\"auto, (max-width: 600px) 100vw, 600px\" \/><\/figure>\n<\/div>\n\n\n\n<div class=\"wp-block-column is-layout-flow wp-block-column-is-layout-flow\">\n<figure class=\"wp-block-image size-full\"><img loading=\"lazy\" decoding=\"async\" width=\"600\" height=\"400\" src=\"https:\/\/saosebastiao.tur.br\/web\/wp-content\/uploads\/boicucanga-sao-sebastiao-3.jpg\" alt=\"\" class=\"wp-image-410\" srcset=\"https:\/\/saosebastiao.tur.br\/web\/wp-content\/uploads\/boicucanga-sao-sebastiao-3.jpg 600w, https:\/\/saosebastiao.tur.br\/web\/wp-content\/uploads\/boicucanga-sao-sebastiao-3-300x200.jpg 300w\" sizes=\"auto, (max-width: 600px) 100vw, 600px\" \/><\/figure>\n<\/div>\n\n\n\n<div class=\"wp-block-column is-layout-flow wp-block-column-is-layout-flow\">\n<figure class=\"wp-block-image size-full\"><img loading=\"lazy\" decoding=\"async\" width=\"600\" height=\"400\" src=\"https:\/\/saosebastiao.tur.br\/web\/wp-content\/uploads\/boicucanga-sao-sebastiao-5.jpg\" alt=\"\" class=\"wp-image-411\" srcset=\"https:\/\/saosebastiao.tur.br\/web\/wp-content\/uploads\/boicucanga-sao-sebastiao-5.jpg 600w, https:\/\/saosebastiao.tur.br\/web\/wp-content\/uploads\/boicucanga-sao-sebastiao-5-300x200.jpg 300w\" sizes=\"auto, (max-width: 600px) 100vw, 600px\" \/><\/figure>\n<\/div>\n<\/div>\n\n\n\n<div class=\"wp-block-columns is-layout-flex wp-container-core-columns-is-layout-9d6595d7 wp-block-columns-is-layout-flex\">\n<div class=\"wp-block-column is-layout-flow wp-block-column-is-layout-flow\">\n<figure class=\"wp-block-image size-full\"><img loading=\"lazy\" decoding=\"async\" width=\"600\" height=\"400\" src=\"https:\/\/saosebastiao.tur.br\/web\/wp-content\/uploads\/boicucanga-sao-sebastiao-6.jpg\" alt=\"\" class=\"wp-image-412\" srcset=\"https:\/\/saosebastiao.tur.br\/web\/wp-content\/uploads\/boicucanga-sao-sebastiao-6.jpg 600w, https:\/\/saosebastiao.tur.br\/web\/wp-content\/uploads\/boicucanga-sao-sebastiao-6-300x200.jpg 300w\" sizes=\"auto, (max-width: 600px) 100vw, 600px\" \/><\/figure>\n<\/div>\n\n\n\n<div class=\"wp-block-column is-layout-flow wp-block-column-is-layout-flow\">\n<figure class=\"wp-block-image size-full\"><img loading=\"lazy\" decoding=\"async\" width=\"600\" height=\"400\" src=\"https:\/\/saosebastiao.tur.br\/web\/wp-content\/uploads\/boicucanga-sao-sebastiao-7.jpg\" alt=\"\" class=\"wp-image-413\" srcset=\"https:\/\/saosebastiao.tur.br\/web\/wp-content\/uploads\/boicucanga-sao-sebastiao-7.jpg 600w, https:\/\/saosebastiao.tur.br\/web\/wp-content\/uploads\/boicucanga-sao-sebastiao-7-300x200.jpg 300w\" sizes=\"auto, (max-width: 600px) 100vw, 600px\" \/><\/figure>\n<\/div>\n\n\n\n<div class=\"wp-block-column is-layout-flow wp-block-column-is-layout-flow\">\n<figure class=\"wp-block-image size-full\"><img loading=\"lazy\" decoding=\"async\" width=\"600\" height=\"400\" src=\"https:\/\/saosebastiao.tur.br\/web\/wp-content\/uploads\/boicucanga-sao-sebastiao-1.jpg\" alt=\"\" class=\"wp-image-414\" srcset=\"https:\/\/saosebastiao.tur.br\/web\/wp-content\/uploads\/boicucanga-sao-sebastiao-1.jpg 600w, https:\/\/saosebastiao.tur.br\/web\/wp-content\/uploads\/boicucanga-sao-sebastiao-1-300x200.jpg 300w\" sizes=\"auto, (max-width: 600px) 100vw, 600px\" \/><\/figure>\n<\/div>\n\n\n\n<div class=\"wp-block-column is-layout-flow wp-block-column-is-layout-flow\">\n<figure class=\"wp-block-image size-full\"><img loading=\"lazy\" decoding=\"async\" width=\"600\" height=\"400\" src=\"https:\/\/saosebastiao.tur.br\/web\/wp-content\/uploads\/boicucanga-sao-sebastiao-4.jpg\" alt=\"\" class=\"wp-image-415\" srcset=\"https:\/\/saosebastiao.tur.br\/web\/wp-content\/uploads\/boicucanga-sao-sebastiao-4.jpg 600w, https:\/\/saosebastiao.tur.br\/web\/wp-content\/uploads\/boicucanga-sao-sebastiao-4-300x200.jpg 300w\" sizes=\"auto, (max-width: 600px) 100vw, 600px\" \/><\/figure>\n<\/div>\n<\/div>\n","protected":false},"excerpt":{"rendered":"<p>A praia de Boi\u00e7ucanga localiza-se a 35 km do Centro. Era do tempo dos \u00edndios tupiniquins e tupinamb\u00e1s e \u00e9 da l\u00edngua ind\u00edgena que vem o nome Boi\u00e7ucanga: Boi, que significa cobra + A\u00e7u, que significa grande + Canga, que significa cabe\u00e7a. A Cobra de Cabe\u00e7a Grande seria a serra que isola Boi\u00e7ucanga do restante&#8230;<\/p>\n","protected":false},"author":1,"featured_media":0,"parent":0,"menu_order":0,"comment_status":"closed","ping_status":"closed","template":"","meta":{"_kadence_starter_templates_imported_post":false,"_kad_post_transparent":"","_kad_post_title":"","_kad_post_layout":"","_kad_post_sidebar_id":"","_kad_post_content_style":"","_kad_post_vertical_padding":"","_kad_post_feature":"","_kad_post_feature_position":"","_kad_post_header":false,"_kad_post_footer":false,"footnotes":""},"class_list":["post-36","page","type-page","status-publish","hentry"],"_links":{"self":[{"href":"https:\/\/saosebastiao.tur.br\/web\/wp-json\/wp\/v2\/pages\/36","targetHints":{"allow":["GET"]}}],"collection":[{"href":"https:\/\/saosebastiao.tur.br\/web\/wp-json\/wp\/v2\/pages"}],"about":[{"href":"https:\/\/saosebastiao.tur.br\/web\/wp-json\/wp\/v2\/types\/page"}],"author":[{"embeddable":true,"href":"https:\/\/saosebastiao.tur.br\/web\/wp-json\/wp\/v2\/users\/1"}],"replies":[{"embeddable":true,"href":"https:\/\/saosebastiao.tur.br\/web\/wp-json\/wp\/v2\/comments?post=36"}],"version-history":[{"count":4,"href":"https:\/\/saosebastiao.tur.br\/web\/wp-json\/wp\/v2\/pages\/36\/revisions"}],"predecessor-version":[{"id":416,"href":"https:\/\/saosebastiao.tur.br\/web\/wp-json\/wp\/v2\/pages\/36\/revisions\/416"}],"wp:attachment":[{"href":"https:\/\/saosebastiao.tur.br\/web\/wp-json\/wp\/v2\/media?parent=36"}],"curies":[{"name":"wp","href":"https:\/\/api.w.org\/{rel}","templated":true}]}}